{"id":1620,"date":"2017-08-14T09:08:39","date_gmt":"2017-08-14T07:08:39","guid":{"rendered":"http:\/\/www.vereinfernsehturmdresden.de\/?page_id=1620"},"modified":"2022-10-21T00:21:24","modified_gmt":"2022-10-20T22:21:24","slug":"historievereinstaetigkeit","status":"publish","type":"page","link":"https:\/\/www.vereinfernsehturmdresden.de\/?page_id=1620","title":{"rendered":"Historie\/Vereinst\u00e4tigkeit"},"content":{"rendered":"<p>Hier finden Sie einige Schwerpunkte der bisherigen Vereinst\u00e4tigkeiten.<\/p>\n<p><strong>2022<\/strong><\/p>\n<p>Wir trauern um unsere gesch\u00e4tzten, langj\u00e4hrigen Mitstreiter und Freunde.<\/p>\n<p>Eberhard Mittag, 1952 bis 2022; Vorstandsvorsitzender<\/p>\n<p>Klaus Martin, 1942 bis 2022; Vorstandsmitglied<\/p>\n<p>Bei einem tragischen Ungl\u00fcck auf dem Weg zu einem Treffen im Interesse des Vereins,<br \/>\nverloren beide ihr Leben. Sie haben \u00fcber viele Jahre mit Herzblut f\u00fcr die Wiederer\u00f6ffnung<br \/>\ndes Dresdner Fernsehturmes gewirkt. Wir werden in ihrem Sinne weiterarbeiten und damit ihr<br \/>\nAndenken bewahren. Unser aufrichtiges und tiefes Mitgef\u00fchl gilt ihren beiden Familien.<\/p>\n<p>Im Namen der Vorstandsmitglieder<br \/>\nReiner K\u00e4stner und Ulrich Dre\u00dfler<\/p>\n<p>und im Namen der Beiratsmitglieder<br \/>\nProf. Wolfgang Fischer und Axel Joel<\/p>\n<p><strong>2021<\/strong><\/p>\n<p>Endlich ist es soweit: Am 23. Juni 2021 wurde der neue Betreiber des Dresdner Fernsehturmes die Fernsehturm Dresden GmbH gefunden und der \u00d6ffentlichkeit vorgestellt. Die Fernsehturm Dresden GmbH ist ein gemeinsames Tochterunternehmen der Unternehmen &#8222;Avantgarde&#8220;, &#8222;DDV Mediengruppe&#8220; und &#8222;Dresden Information&#8220;. Zus\u00e4tzlich zu den von der Stadt Dresden, dem Land Sachsen und dem Bundesamt f\u00fcr Denkmalpflege m\u00f6chte die Fernsehturm Dresden GmbH weitere rund 4 Millionen Euro f\u00fcr den Innenausbau investieren.<\/p>\n<p><strong>2019<\/strong><\/p>\n<p>Wir freuen uns sehr, dass am 12. Oktober 2019 die Stadt Dresden, gemeinsam mit der Deutschen Funkturm GmbH und der Telekom, die Absichtserkl\u00e4rung \u00f6ffentlich unterzeichneten, das Fernsehturm Dresden renoviert und wieder f\u00fcr den Besucherverkehr ge\u00f6ffnet werden soll. Weitere Details folgen in K\u00fcrze. \ud83d\ude42<\/p>\n<p><strong>2018<\/strong><\/p>\n<p>Mit gro\u00dfer Freude haben wir am 08. November 2018 zur Kenntnis genommen, das der Bund f\u00fcr die m\u00f6gliche Wiederer\u00f6ffnung des Dresdner Fernsehturmes im Rahmen der Denkmalf\u00f6rderung finanzielle Mittel in H\u00f6he von 12,8 Millionen EUR beisteuern will. Um die Mittel auch abrufen zu k\u00f6nnen, ist zun\u00e4chst ein entsprechender F\u00f6rdermittelantrag durch die Eigent\u00fcmerin des Turmes notwendig. Zudem bedarf es der Zusage durch Stadt und Land, die restliche Finanzierung in H\u00f6he der H\u00e4lfte der Gesamtkosten zu \u00fcbernehmen. Wir sind also sehr gespannt, wie sich der Dresdner Stadtrat diesbez\u00fcglich stellen wird und hoffen sehr darauf, dass alle notwendigen Schritte hin zur Wiederer\u00f6ffnung nun schnell und konsequent gemacht werden.<\/p>\n<p>Aktuell ist nach Stand der Arbeit des Lenkungsausschusses, in dem auch Vertreter unseres Vereins mitwirken d\u00fcrfen, eine \u201ekleine Variante\u201c zur Wiederer\u00f6ffnung des Turmes im Gespr\u00e4ch, welche wir als ersten und wichtigen Schritt sehr begr\u00fc\u00dfen.<\/p>\n<p>Um den Fernsehturm und sein Umland auf lange Sicht attraktiv f\u00fcr die Stadt Dresden zu gestalten und das Projekt auf Dauer auch finanzierbar zu machen, werden wir unabh\u00e4ngig von den jetzigen Vorhaben zur Wiederer\u00f6ffnung an unserer Vision festhalten. Denkbar w\u00e4re es, das Fernsehturmareal in der Folge der Wiederer\u00f6ffnung schrittweise weiter auszubauen und somit den Turm umweltvertr\u00e4glich und st\u00e4dtebaulich zeitgem\u00e4\u00df in das Gesamtensemble der touristischen und bildungstechnischen Angebote der Stadt Dresden einzubinden.<\/p>\n<p>Als Kern der j\u00fcngeren Vereinsarbeit ist in den vergangenen Jahren ein umfangreiches, zukunftweisendes\u00a0<a href=\"http:\/\/www.vereinfernsehturmdresden.de\/wp-content\/uploads\/2016\/09\/Expos%C3%A8-Fernsehturm-Dresden-aktuell.pdf\" target=\"_blank\" rel=\"noopener\">Expos\u00e9<\/a>\u00a0nebst\u00a0<a href=\"http:\/\/www.vereinfernsehturmdresden.de\/wp-content\/uploads\/2016\/09\/Erg%C3%A4nzungen-zum-EXPOS%C3%88-Fernsehturm-Dresden.pdf\" target=\"_blank\" rel=\"noopener\">Erg\u00e4nzung<\/a>\u00a0entstanden, welches nicht nur den Dresdner Fernsehturm in eine gute Zukunft \u00fcberf\u00fchren wird, sondern vor allem auch unserer Stadt Dresden sowie deren G\u00e4sten und Bewohnern ein modernes und sehr attraktives Zentrum f\u00fcr Bildung, Wissenschaft und Technik sowie f\u00fcr den Tourismus in Aussicht stellt. Unterst\u00fctzen Sie uns bitte bei diesem Vorhaben \u2013 gern auch als aktives\u00a0<a href=\"http:\/\/www.vereinfernsehturmdresden.de\/?page_id=139\">Mitglied in unserem Verein<\/a>!<\/p>\n<p><em><strong>Hinweis: Informationen f\u00fcr Interessierte bitte direkt bei Herrn K\u00e4stner erfragen! Email: kontakt@vereinfernsehturmdresden.de<\/strong><\/em><\/p>\n<p><strong>2016:<\/strong><\/p>\n<p>10.08.2016: <strong>Der Verein veranstaltet eine Pressekonferenz zum Stand der Entwicklungen<\/strong> rund um den Fernsehturm Dresden. Mit gro\u00dfem Interesse verfolgt die \u00f6rtliche Presse sowie Vertreter anderer Medien die Pr\u00e4sentation des Expos\u00e9s in der aktuellen Fassung. Vor allem erregen aber auch herausragende Entw\u00fcrfe zu m\u00f6glichen architektonischen Umsetzungen von Studenten der HTW Dresden, unter F\u00fchrung von Prof. Lux sowie weitere Konzepte zur Verkehrsanbindung und Au\u00dfengestaltung die Aufmerksamkeit der anwesenden Journalisten. Untermalt wird das Ganze sehr eindrucksvoll durch einen Visualisierungsfilm der Firma K.U.L.T.Objekt.<\/p>\n<p>Am 04.07.2016 fand nach langem Hin und Her endlich eine Pressekonferenz von Land, Stadt sowie der Telekom statt, in der die B<strong>eauftragung und Finanzierung einer Machbarkeitsstudie zur Wiederer\u00f6ffnung des Dresdner Fernsehturmes<\/strong> bekannt gegeben wurde.<\/p>\n<p>Das Jahr 2016 startete nach den umfangreichen Bem\u00fchungen in 2015 zun\u00e4chst nicht so erfolgreich. Durch die kontinuierliche Arbeit des Vereins und durch Unterst\u00fctzung der \u00f6rtlichen Medien sowie des mdr konnte das Thema &#8222;Fernsehturm&#8220; jedoch immer wieder in den Vordergrund ger\u00fcckt werden.<\/p>\n<p><strong>2015:<\/strong><\/p>\n<p>08.12.2015: <strong>Gespr\u00e4chstermin mit Vertretern des Vereins beim Oberb\u00fcrgermeister der Stadt Dresden<\/strong><\/p>\n<p>13.10.2015: <strong>Gespr\u00e4chstermin mit Vertretern des Vereins bei Frau Dr. Stange<\/strong><\/p>\n<p>07.10.2015:<strong> In der Sendung Nachtschicht<\/strong> waren Mitglieder unseres Vereins zu Gast. Sophia Matthes hat sich mit ihnen in lockerer Runde \u00fcber Zukunftsvisionen zum Turm unterhalten. Dabei gibt es auch Nachrichten die hoffen lassen. Seitens der Telekom wurde nun grunds\u00e4tzlich Gespr\u00e4chsbereitschaft signalisiert. Ein konkreter Termin steht zwar noch nicht fest, wurde jedoch f\u00fcr den Herbst dieses Jahres in Aussicht gestellt.<\/p>\n<p>13.05.2015: <strong>Der Fernsehturm Dresden e.V. l\u00e4dt zur Pressekonferenz, <\/strong>Thema: Verein stellt gesamtheitliches Konzept f\u00fcr den Fernsehturm Dresden vor, Petitions\u00fcbergabe und erste \u00f6ffentliche Vorstellung des Expos\u00e9s \u201eFernsehturm Dresden\u201c<\/p>\n<p>12.05.2015: <strong>Die zweite Petition zum Fernsehturm Dresden<\/strong> wurde durch Vertreter des Fernsehturm Dresden e.V. stellvertretend f\u00fcr den Ministerpr\u00e4sidenten an Staatsminister Dr. Jaeckel \u00fcbergeben<\/p>\n<p><strong>Befeuert durch die erste Petition<\/strong> bekam der Verein im Jahr 2015 wieder etwas Zulauf. Im Jahresverlauf wurde mit gro\u00dfem Engagement und unter Federf\u00fchrung von Klaus Martin eine erste Fassung des Expos\u00e9s zur umf\u00e4nglichen Erschaffung eines Erlebniszentrums am Dresdner Fernsehturm erstellt. Damit wird eine kostendeckende Wiederinbetriebnahme des Fernsehturmes in Aussicht gestellt. Das Expos\u00e9 zeigt interessante L\u00f6sungsans\u00e4tze und bietet dabei eine fundierte, fachlich ausgereifte Ausarbeitung, welche sich deutlich von dem Niveau der blo\u00dfen Spinnerei absetzt. Der Verein Fernsehturm Dresden e.V. hat mit diesem Expos\u00e9 die Weichen gestellt, um den Turm weg vom Eierschecke und Kaffee &#8211; Image in eine zukunftssichere Vision zu platzieren, welche den Menschen und der Stadt Dresden n\u00fctzlich sein kann.<\/p>\n<p>Am 04.02.2015, fand die<strong> Jahreshauptversammlung<\/strong> des Vereins Fernsehturm Dresden e.V. statt. Im Rahmen dieser Versammlung wurde unter anderem \u00fcber die Neufassung der Vereinssatzung sowie den neuen Vorstand nebst Beirat entschieden. Alles in allem gab es neben den organisatorischen Notwendigkeiten auch interessante Themen, Film- und Redebeitr\u00e4ge, die zum Ende der Veranstaltung in kleine Gespr\u00e4chsrunden und Diskussionen m\u00fcndeten.<\/p>\n<p><strong>2014:<\/strong><\/p>\n<p><strong>Am 20.10.2014 verfasst Eberhard Mittag jeweils einen Brief an die <a title=\"Schreiben an Angela Merkel\" href=\"http:\/\/www.vereinfernsehturmdresden.de\/wp-content\/uploads\/2014\/10\/BK_-2.pdf\" target=\"_blank\" rel=\"noopener\">Bundeskanzlerin<\/a> und den <a title=\"Anschreiben an den Bundespr\u00e4sidenten\" href=\"http:\/\/www.vereinfernsehturmdresden.de\/wp-content\/uploads\/2014\/10\/BP_-2.pdf\" target=\"_blank\" rel=\"noopener\">Bundespr\u00e4sidenten<\/a>.<\/strong> In dem Schreiben wird auf die Arbeit des Vereins genauso aufmerksam gemacht, wie auch auf die Misere um den Turm. Der F\u00f6rderverein Fernsehturm Dresden fordert auch von diesen beiden Politikern entsprechende Unterst\u00fctzung ein.<\/p>\n<p><strong>Am 20.09.2014 kommt der Vereins zu einer weiteren Sitzung zusammen.<\/strong> Der aktuelle Stand sowie M\u00f6glichkeiten der weiteren F\u00f6rderung des Projekts werden besprochen. Ern\u00fcchternd bleibt dabei die Erkenntnis, dass der Verein nahezu keine M\u00f6glichkeiten hat, ohne eine konkrete Zustimmung der Stadt sowie der Telekom als Eigent\u00fcmerin des Turmes in der Angelegenheit t\u00e4tig zu werden. Durch die Tatsache, dass der Turm in Privatbesitz ist, kann der Verein sowie seine Arbeit nicht als gemeinn\u00fctzig eingestuft werden. Das Starten von Spendenaktion ist somit nicht ohne weiteres umsetzbar. Auch das Bewerben des Objekts Fernsehturm Dresden ist zumindest fraglich, wenn nicht sogar ausgeschlossen. Das w\u00e4re nur mit Zustimmung des Eigent\u00fcmers erlaubt.<br \/>\nEs werden von den Teilnehmern verschiedene Vorschl\u00e4ge und Visionen diskutiert. Erfahrungen sowie Angebote zur Unterst\u00fctzung werden eingebracht. Das n\u00e4chste Ziel ist ein Termin bei Stadtrat Tilo Kie\u00dfling.<\/p>\n<p><em><strong>Am 10.06.2014<\/strong><\/em> sind Mitglieder des Vereins bei der Sitzung des Dresdner Stadtrates zugegen. Es soll \u00fcber den Antrag Nr.: A0880\/14 abgestimmt werden.<\/p>\n<p>B E S C H L U S S E M P F E H L U N G \u2013 f e d e r f \u00fc h r e n d<br \/>\ndes Ausschusses f\u00fcr Finanzen und Liegenschaften (FL\/095\/2014) \u00fcber:<br \/>\nDresdner Fernsehturm als Kulturdenkmal erhalten, als Wahrzeichen beleben und f\u00fcr die \u00d6ffentlichkeit wieder erschlie\u00dfen<br \/>\nBeschlussvorschlag:<br \/>\nDie Oberb\u00fcrgermeisterin wird beauftragt, in Gespr\u00e4che mit der Telekom (Deutsche Funkturm GmbH) als Eigent\u00fcmer sowie den anderen entscheidenden Akteuren rund um den Dresdner Fernsehturm mit dem Ziel einzutreten, belastbare Aussagen zu bekommen, sowie Untersuchungen bzw. Planungen anzustellen, unter welchen Bedingungen und Anforderungen eine mittelfristige Reaktivierung des Dresdner Fernsehturms f\u00fcr eine \u00f6ffentliche Nutzung m\u00f6glich ist. Die Ergebnisse sowie eine Variantenbetrachtung f\u00fcr eine m\u00f6gliche Reaktivierung sind dem Stadtrat bis zum 30. Juni 2015 vorzulegen.<\/p>\n<p>Lesen Sie <a title=\"Dresdner Stadtrat fixiert Istzustand zum Fernsehturm\" href=\"http:\/\/www.vereinfernsehturmdresden.de\/?p=428\" target=\"_blank\" rel=\"noopener\">hier <\/a>unseren Bericht dazu.<\/p>\n<p><strong><em>Am 09. April 2014<\/em><\/strong> um 17:30 Uhr wurde mit Beteiligung vieler Unterst\u00fctzer und unter gro\u00dfem Medienaufgebot die <a title=\"Wir wollen den Dresdner Fernsehturm wieder als touristisches Ausflugsziel!\" href=\"https:\/\/www.openpetition.de\/petition\/online\/wir-wollen-den-dresdner-fernsehturm-wieder-als-touristisches-ausflugsziel\" target=\"_blank\" rel=\"noopener\">Petition <\/a>mit insgesamt 11.642 Unterschriften \u00fcbergeben. Janett H\u00f6hle (Burckhardt) sowie Eberhard Mittag vom Verein Fernsehturm Dresden e.V. \u00fcberreichten die Mappe symbolisch an BM Hilbert. Tatkr\u00e4ftige prominente Unterst\u00fctzung gab es zu diesem Termin durch Uwe Steimle, der ebenfalls ein Bef\u00fcrworter der Wiederer\u00f6ffnung des Fernsehturmes ist.<br \/>\nNun ist es an unseren gew\u00e4hlten Vertretern im Stadtrat ob diesem B\u00fcrgerinteresse zur Wiederer\u00f6ffnung des Dresdner Fernsehturms gemeinsam mit der Telekom auch entsprochen wird. Zahlreiche Medienberichte unterst\u00fctzten im Umfeld der Petition den Wunsch der Dresdner B\u00fcrger.<br \/>\nDurch die B\u00fcrgerfraktion und BM Hilbert sind entsprechende Antr\u00e4ge an den Stadtrat in Vorbereitung, dabei gibt es Unterst\u00fctzung in allen Fraktionen. Weiterhin erreichen uns zur Umsetzung direkt Vorschl\u00e4ge aus der Bev\u00f6lkerung. Vielen Dank an alle die uns bisher auf diesem Weg begleitet haben und uns auch zuk\u00fcnftig unterst\u00fctzen wollen.<\/p>\n<p><strong>2013:<\/strong><\/p>\n<p><em><strong>Im August 2013<\/strong><\/em> wird im Internet durch Janett H\u00f6hle eine online-Petition gestartet, welche die Widerbelebung des Dresdner Fernsehturms als touristisches Ausflugsziel unterst\u00fctzen soll. Sie l\u00e4uft zun\u00e4chst schwerlich an. Nachdem lokale Medien durch diverse Unterst\u00fctzer auf die Aktion aufmerksam gemacht wurden und der Verein sich in das Geschehen mit einbrachte, kommen kurz vor Ablauf des Gesuches doch noch mehr als die geforderten 10.000 Unterschriften zusammen.<br \/>\nDie Petition schloss am 12.02.2014 mit einem Ergebnis von 11.642 Unterschriften f\u00fcr den Fernsehturm Dresden.<\/p>\n<div id=\"attachment_531\" class=\"wp-caption aligncenter\" style=\"width: 756px\"><a href=\"https:\/\/www.openpetition.de\/petition\/statistik\/wir-wollen-den-dresdner-fernsehturm-wieder-als-touristisches-ausflugsziel\"><img loading=\"lazy\" decoding=\"async\" class=\"wp-image-531 size-full\" src=\"http:\/\/www.vereinfernsehturmdresden.de\/wp-content\/uploads\/2014\/06\/statistik_Petition.jpg\" alt=\"Quelle: www.openpetition.de\" width=\"746\" height=\"482\" srcset=\"https:\/\/www.vereinfernsehturmdresden.de\/wp-content\/uploads\/2014\/06\/statistik_Petition.jpg 746w, https:\/\/www.vereinfernsehturmdresden.de\/wp-content\/uploads\/2014\/06\/statistik_Petition-300x193.jpg 300w\" sizes=\"(max-width: 746px) 100vw, 746px\" \/><\/a><p class=\"wp-caption-text\">Quelle: www.openpetition.de<\/p><\/div>\n<p><strong>2011:<\/strong><br \/>\nDer Verein verfolgt das Ziel, die Aussichtsplattform am Tag des offenen Denkmales f\u00fcr Besucher zu \u00f6ffnen und diese Veranstaltung zu organisieren. Dazu muss das Einverst\u00e4ndnis des Eigent\u00fcmers (Telekom) vorliegen. Der Eigent\u00fcmer k\u00f6nnte hiermit ein Zeichen setzen. Bisher erhielt der Verein auf diese Anfrage keine Antwort.<\/p>\n<p><strong>2008:<\/strong><br \/>\nDie versp\u00e4tete Jahreshauptversammlung des Vereinsjahres 2007\/2008 fand am 03.04.2008 in der Gastst\u00e4tte Schie\u00dfhaus (01067 Dresden, Am Schie\u00dfhaus 19) statt.<\/p>\n<p>Die B\u00fcrgerfraktion hat einen Antrag zur Reaktivierung des Dresdner Fernsehturms in den Stadtrat eingebracht. Am 21.02.2008 kam dieser Antrag zur Abstimmung. Das Abstimmungsergebnis lautet: 53 Stimmen f\u00fcr den Antrag, 6 Gegenstimmen und 2 Enthaltungen.<\/p>\n<p><strong>2007:<\/strong><br \/>\nDie Jahreshauptversammlung f\u00fcr den Zeitraum vom 07.12.2007 bis 30.01.2007 fand am 31.01.2007 statt.<br \/>\nInzwischen sind Antworten auf unsere unsere Briefe eingetroffen. Hier sind die Briefe vom Bundeskanzleramt und Bundespr\u00e4sidialamt.<\/p>\n<p><strong>2006:<\/strong><br \/>\nDas Finanzamt hat die Gemeinn\u00fctzigkeit des Vereins leider nicht anerkannt. In der Hauptversammlung (siehe unten) wurde daher beschlossen, die Bem\u00fchungen zur Anerkennung der Gemeinn\u00fctzigkeit einzustellen.<br \/>\nAm 26.01.2006 war die versp\u00e4tete Jahreshauptversammlung des F\u00f6rdervereins Dresdner Fernsehturm e.V. Die weitere T\u00e4tigkeit des Vereins war eines der wichtigen Themen dieser Hauptversammlung. Einer der wichtigsten Beschl\u00fcsse der Hauptversammlung war, die Bem\u00fchungen zur Erlangung der Gemeinn\u00fctzigkeit einzustellen.<\/p>\n<p><strong>2005:<\/strong><br \/>\nIn der Zwischenzeit wurde versucht, Kontakt mit den verschiedenen B\u00fcrgermeistern Kontakt aufzunehmen, um den Stiftungsgedanken weiter voranzutreiben. Leider wurden wir ohne Ergebnis von einem zum anderen B\u00fcrgermeister weiter verwiesen &#8211; ohne dass ein zust\u00e4ndiger Ansprechpartner gefunden werden konnte.<br \/>\nDes Weiteren sind wir daran interessiert, von den B\u00fcrgermeistern und Dresdner B\u00fcrgern zu erfahren, ob diese den Fernsehturm \u00fcberhaupt wollen. Die zwei Poster k\u00f6nnen hier eingesehen werden:<\/p>\n<p>Zum Poster 1 \u2022 Zum Poster 2<\/p>\n<p><strong>2004:<\/strong><br \/>\nAm 13.12.2004 wurde der Verein &#8222;Fernsehturm Dresden&#8220; unter der Vereinsnummer VR 4441 in das Vereinsregister beim Amtsgericht Dresden eingetragen.<br \/>\nAm 29.11.2004 wurde der Verein &#8222;Fernsehturm Dresden&#8220; beim Amtsgericht Dresden zur Eintragung angemeldet.<\/p>\n<p><a title=\"Gr\u00fcndung\" href=\"http:\/\/www.p-ace.de\/FTurm\/?page_id=18\">Der Verein &#8222;Fernsehturm Dresden&#8220; wurde am 26.11.2004, 17.00 Uhr im Dachgeschoss \u201eGlasturm\u201c des World Trade Center, Ammonstrasse 70 gegr\u00fcndet.<\/a><\/p>\n<p>Protokoll der Gr\u00fcndungsversammlung<\/p>\n<div class=\"twoclick_social_bookmarks_post_1620 social_share_privacy clearfix 1.6.4 locale-de_DE sprite-de_DE\"><\/div><div class=\"twoclick-js\"><script type=\"text\/javascript\">\/* <![CDATA[ *\/\njQuery(document).ready(function($){if($('.twoclick_social_bookmarks_post_1620')){$('.twoclick_social_bookmarks_post_1620').socialSharePrivacy({\"services\":{\"facebook\":{\"status\":\"on\",\"txt_info\":\"2 Klicks f\\u00fcr mehr Datenschutz: Erst wenn Sie hier klicken, wird der Button aktiv und Sie k\\u00f6nnen Ihre Empfehlung an Facebook senden. Schon beim Aktivieren werden Daten an Dritte \\u00fcbertragen - siehe <em>i<\\\/em>.\",\"perma_option\":\"off\",\"action\":\"like\",\"language\":\"de_DE\"},\"twitter\":{\"reply_to\":\"\",\"tweet_text\":\"Historie%2FVereinst%C3%A4tigkeit%20%C2%BB%20Fernsehturm%20Dresden%20e.V.\",\"status\":\"on\",\"txt_info\":\"2 Klicks f\\u00fcr mehr Datenschutz: Erst wenn Sie hier klicken, wird der Button aktiv und Sie k\\u00f6nnen Ihre Empfehlung an Twitter senden. Schon beim Aktivieren werden Daten an Dritte \\u00fcbertragen - siehe <em>i<\\\/em>.\",\"perma_option\":\"off\",\"language\":\"de\",\"referrer_track\":\"\"},\"gplus\":{\"status\":\"on\",\"txt_info\":\"2 Klicks f\\u00fcr mehr Datenschutz: Erst wenn Sie hier klicken, wird der Button aktiv und Sie k\\u00f6nnen Ihre Empfehlung an Google+ senden. Schon beim Aktivieren werden Daten an Dritte \\u00fcbertragen - siehe <em>i<\\\/em>.\",\"perma_option\":\"off\",\"referrer_track\":\"\"}},\"txt_help\":\"Wenn Sie diese Felder durch einen Klick aktivieren, werden Informationen an Facebook, Twitter, Flattr, Xing, t3n, LinkedIn, Pinterest oder Google eventuell ins Ausland \\u00fcbertragen und unter Umst\\u00e4nden auch dort gespeichert. N\\u00e4heres erfahren Sie durch einen Klick auf das <em>i<\\\/em>.\",\"settings_perma\":\"Dauerhaft aktivieren und Daten\\u00fcber-tragung zustimmen:\",\"info_link\":\"http:\\\/\\\/www.heise.de\\\/ct\\\/artikel\\\/2-Klicks-fuer-mehr-Datenschutz-1333879.html\",\"uri\":\"https:\\\/\\\/www.vereinfernsehturmdresden.de\\\/?page_id=1620\",\"post_id\":1620,\"post_title_referrer_track\":\"Historie%2FVereinst%C3%A4tigkeit\",\"display_infobox\":\"on\"});}});\n\/* ]]> *\/<\/script><\/div>","protected":false},"excerpt":{"rendered":"<p>Hier finden Sie einige Schwerpunkte der bisherigen Vereinst\u00e4tigkeiten. 2022 Wir trauern um unsere gesch\u00e4tzten, langj\u00e4hrigen Mitstreiter und Freunde. Eberhard Mittag, 1952 bis [&hellip;]<\/p>\n","protected":false},"author":1,"featured_media":0,"parent":133,"menu_order":2,"comment_status":"closed","ping_status":"closed","template":"","meta":{"ngg_post_thumbnail":0,"footnotes":""},"aioseo_notices":[],"_links":{"self":[{"href":"https:\/\/www.vereinfernsehturmdresden.de\/index.php?rest_route=\/wp\/v2\/pages\/1620"}],"collection":[{"href":"https:\/\/www.vereinfernsehturmdresden.de\/index.php?rest_route=\/wp\/v2\/pages"}],"about":[{"href":"https:\/\/www.vereinfernsehturmdresden.de\/index.php?rest_route=\/wp\/v2\/types\/page"}],"author":[{"embeddable":true,"href":"https:\/\/www.vereinfernsehturmdresden.de\/index.php?rest_route=\/wp\/v2\/users\/1"}],"replies":[{"embeddable":true,"href":"https:\/\/www.vereinfernsehturmdresden.de\/index.php?rest_route=%2Fwp%2Fv2%2Fcomments&post=1620"}],"version-history":[{"count":4,"href":"https:\/\/www.vereinfernsehturmdresden.de\/index.php?rest_route=\/wp\/v2\/pages\/1620\/revisions"}],"predecessor-version":[{"id":2104,"href":"https:\/\/www.vereinfernsehturmdresden.de\/index.php?rest_route=\/wp\/v2\/pages\/1620\/revisions\/2104"}],"up":[{"embeddable":true,"href":"https:\/\/www.vereinfernsehturmdresden.de\/index.php?rest_route=\/wp\/v2\/pages\/133"}],"wp:attachment":[{"href":"https:\/\/www.vereinfernsehturmdresden.de\/index.php?rest_route=%2Fwp%2Fv2%2Fmedia&parent=1620"}],"curies":[{"name":"wp","href":"https:\/\/api.w.org\/{rel}","templated":true}]}}